actors of 6660770.
2, 5, 17, 39181
List the prime factors of 470052.
2, 3, 11, 1187
List the prime factors of 1340434.
2, 670217
What are the prime factors of 672017?
29, 23173
What are the prime factors of 5060?
2, 5, 11, 23
List the prime factors of 10758183.
3, 139, 25799
List the prime factors of 12657296.
2, 791081
List the prime factors of 368173.
13, 127, 223
What are the prime factors of 565910?
2, 5, 56591
List the prime factors of 1929690.
2, 3, 5, 7, 1021
What are the prime factors of 23281688?
2, 19, 89, 1721
List the prime factors of 517870.
2, 5, 51787
What are the prime factors of 976948?
2, 7, 23, 37, 41
List the prime factors of 39096.
2, 3, 181
List the prime factors of 1166257.
1033, 1129
List the prime factors of 603048.
2, 3, 25127
What are the prime factors of 122705?
5, 11, 23, 97
What are the prime factors of 69882?
2, 3, 19, 613
List the prime factors of 361657.
503, 719
What are the prime factors of 716181?
3, 238727
What are the prime factors of 2493440?
2, 5, 487
List the prime factors of 820837.
820837
What are the prime factors of 15061762?
2, 17, 139, 3187
List the prime factors of 23404991.
23404991
What are the prime factors of 4679378?
2, 11, 227, 937
What are the prime factors of 1921857?
3, 7, 23, 173
What are the prime factors of 20265342?
2, 3, 3377557
What are the prime factors of 16480924?
2, 4120231
List the prime factors of 3255288.
2, 3, 135637
List the prime factors of 221852.
2, 37, 1499
What are the prime factors of 256483?
256483
What are the prime factors of 1994135?
5, 11, 13, 2789
List the prime factors of 15498981.
3, 277, 6217
List the prime factors of 213949.
213949
What are the prime factors of 3440503?
11, 312773
What are the prime factors of 979974?
2, 3, 54443
What are the prime factors of 3784898?
2, 13, 149, 977
List the prime factors of 101395.
5, 7, 2897
List the prime factors of 639235.
5, 173, 739
What are the prime factors of 1428439?
19, 75181
List the prime factors of 218531.
218531
List the prime factors of 794888.
2, 67, 1483
List the prime factors of 887211.
3, 13, 7583
What are the prime factors of 2291615?
5, 458323
List the prime factors of 321628.
2, 80407
What are the prime factors of 158534?
2, 31, 2557
List the prime factors of 755032.
2, 94379
List the prime factors of 420206.
2, 17, 727
What are the prime factors of 7593864?
2, 3, 23, 13757
List the prime factors of 1121440.
2, 5, 43, 163
What are the prime factors of 1203770?
2, 5, 17, 73, 97
What are the prime factors of 3435489?
3, 89, 4289
List the prime factors of 4779804.
2, 3, 83, 4799
What are the prime factors of 1183834?
2, 41, 14437
List the prime factors of 185206.
2, 7, 13229
List the prime factors of 1994389.
17, 67, 103
List the prime factors of 9647814.
2, 3, 11, 97, 137
List the prime factors of 4257964.
2, 251, 4241
List the prime factors of 253625.
5, 2029
List the prime factors of 13893.
3, 11, 421
List the prime factors of 12325658.
2, 6162829
List the prime factors of 21976.
2, 41, 67
What are the prime factors of 1291672?
2, 161459
What are the prime factors of 1019128?
2, 11, 37, 313
What are the prime factors of 18400854?
2, 3, 19, 161411
List the prime factors of 145538.
2, 53, 1373
List the prime factors of 1379014.
2, 7, 13, 7577
List the prime factors of 321669.
3, 103, 347
What are the prime factors of 3742597?
269, 13913
What are the prime factors of 2813008?
2, 11, 1453
What are the prime factors of 642843?
3, 29, 821
What are the prime factors of 2181551?
2181551
List the prime factors of 20081784.
2, 3, 19, 47, 937
List the prime factors of 481555.
5, 19, 37, 137
What are the prime factors of 11816337?
3, 13, 302983
What are the prime factors of 661833?
3, 151, 487
List the prime factors of 8496072.
2, 3, 13, 29, 313
List the prime factors of 8616956.
2, 19, 113381
What are the prime factors of 3735920?
2, 5, 17, 41, 67
What are the prime factors of 27435358?
2, 13717679
List the prime factors of 342457.
31, 11047
What are the prime factors of 2979771?
3, 43, 23099
List the prime factors of 116521.
109, 1069
What are the prime factors of 1328737?
17, 47, 1663
What are the prime factors of 34209573?
3, 1663, 6857
What are the prime factors of 2045393?
7, 47, 6217
List the prime factors of 32190353.
13, 2476181
List the prime factors of 305364.
2, 3, 25447
List the prime factors of 195091.
13, 43, 349
What are the prime factors of 7377704?
2, 41, 83, 271
List the prime factors of 9409137.
3, 29, 37, 79
What are the prime factors of 480320?
2, 5, 19, 79
List the prime factors of 2421042.
2, 3, 13, 31039
List the prime factors of 792435.
3, 5, 7, 7547
What are the prime factors of 1328518?
2, 19, 34961
What are the prime factors of 612529?
31, 19759
What are the prime factors of 34845?
3, 5, 23, 101
What are the prime factors of 361821?
3, 120607
List the prime factors of 971204.
2, 13, 19, 983
List the prime factors of 827137.
787, 1051
What are the prime factors of 18146936?
2, 811, 2797
List the prime factors of 7231444.
2, 11, 67, 223
List the prime factors of 2186952.
2, 3, 293, 311
List the prime factors of 1388678.
2, 694339
List the prime factors of 412557.
3, 137519
What are the prime factors of 269395?
5, 7, 43, 179
What are the prime factors of 249677?
249677
What are the prime factors of 283606?
2, 141803
What are the prime factors of 179250?
2, 3, 5, 239
What are the prime factors of 27611752?
2, 7, 493067
What are the prime factors of 4430233?
2011, 2203
What are the prime factors of 9931932?
2, 3, 263, 1049
What are the prime factors of 270789?
3, 90263
List the prime factors of 608726.
2, 304363
List the prime factors of 971.
971
List the prime factors of 2177279.
13, 167483
List the prime factors of 179162.
2, 29, 3089
List the prime factors of 12418574.
2, 7, 23, 38567
List the prime factors of 96137.
96137
List the prime factors of 667683.
3, 8243
What are the prime factors of 7280992?
2, 227531
What are the prime factors of 624739?
19, 131, 251
What are the prime factors of 4316816?
2, 7, 38543
List the prime factors of 6873559.
7, 11, 17, 59, 89
What are the prime factors of 1143545?
5, 13, 73, 241
List the prime factors of 271103.
7, 38729
What are the prime factors of 57587?
57587
List the prime factors of 7135830.
2, 3, 5, 13, 19, 107
What are the prime factors of 1100151?
3, 13, 9403
List the prime factors of 254629.
89, 2861
List the prime factors of 6021623.
6021623
List the prime factors of 14388946.
2, 11, 13, 50311
List the prime factors of 122136.
2, 3, 7, 727
List the prime factors of 435406.
2, 29, 7507
List the prime factors of 1522804.
2, 61, 79
What are the prime factors of 3325475?
5, 19, 7001
What are the prime factors of 141606?
2, 3, 7867
List the prime factors of 73376.
2, 2293
List the prime factors of 216789.
3, 127, 569
List the prime factors of 772574.
2, 11, 35117
List the prime factors of 71482.
2, 103, 347
What are the prime factors of 7176487?
349, 20563
List the prime factors of 561250.
2, 5, 449
What are the prime factors of 2913972?
2, 3, 37, 6563
List the prime factors of 205535.
5, 11, 37, 101
What are the prime factors of 113539?
113539
List the prime factors of 2697028.
2, 131, 5147
What are the prime factors of 9186804?
2, 3, 11, 19, 37
What are the prime factors of 592626?
2, 3, 43, 2297
What are the prime factors of 256979?
23, 11173
List the prime factors of 458683.
458683
What are the prime factors of 20011415?
5, 281, 14243
What are the prime factors of 3375966?
2, 3, 11, 51151
List the prime factors of 742882.
2, 7, 47, 1129
List the prime factors of 5237415.
3, 5, 116387
List the prime factors of 2063106.
2, 3, 114617
What are the prime factors of 1480340?
2, 5, 74017
What are the prime factors of 3716124?
2, 3, 309677
What are the prime factors of 9419501?
7, 13, 103511
List the prime factors of 533131.
659, 809
List the prime factors of 2918387.
2918387
What are the prime factors of 8425939?
8425939
List the prime factors of 498830.
2, 5, 83, 601
List the prime factors of 17180414.
2, 8590207
What are the prime factors of 12731894?
2, 7, 41, 541
What are the prime factors of 14274526?
2, 7, 17, 37, 1621
List the prime factors of 101243.
137, 739
What are the prime factors of 811850?
2, 5, 13, 1249
What are the prime f